 f**2. Determine x(4).
-6
Let z(d) = -d**3 - 3*d**2 + 4*d - 5. Suppose 4*u - u + 12 = 0. Determine z(u).
-5
Suppose 0 = m - 2 - 0. Let i(x) = -2*x**3 + 3*x**2 - 2*x + 2. Give i(m).
-6
Let f(r) = 10*r - 1. Let m be f(1). Let x(b) = b - 9 + b**2 + m - 4*b. Give x(3).
0
Suppose 0 = 2*q - 2*l - 2, 4*q - 39 = -5*l + 10. Let p = q - 4. Let r(t) = -8*t**p + 6*t - 6*t. Determine r(1).
-8
Let z(t) = t**2 + 3*t - 2. Let k = 19 - 23. Calculate z(k).
2
Let f be 28/(-8) + (-9)/6. Let r(m) = -2*m - 4. Calculate r(f).
6
Let m(v) = -v**3. Let k be m(-2). Let i = 2 - 2. Let h(w) = 3*w + k + i*w - 2*w + 0*w + w**2. Calculate h(0).
8
Let h(t) be the first derivative of -33*t + 10*t - 9*t + 6*t**2 - 1 - t**3. Let l(c) = c**2 - 4*c + 11. Let m(b) = -6*h(b) - 17*l(b). Calculate m(4).
5
Let a(g) = g**2 - g. Suppose 5*p + 1 = -4. Calculate a(p).
2
Let w(k) = 5*k + 3. Let t = -3 + 3. Suppose 5*g - 4*g + h - 1 = t, -g = -3*h + 11. What is w(g)?
-7
Let i(t) be the third derivative of -7*t**2 + 0*t + 0 - 1/120*t**6 - 1/15*t**5 - 1/12*t**4 - 1/2*t**3. Calculate i(-3).
-6
Suppose 5*m = 7 + 3. Suppose -10 + m = 4*z. Let a(o) = 2*o**2 - 3. Let i(j) = -j**2 + 1. Let r(n) = -2*a(n) - 5*i(n). What is r(z)?
5
Suppose -5*s - 28 + 3 = 0. Let j(a) = a + 2. Let l be j(s). Let f(k) = -k**2 - k - 3. What is f(l)?
-9
Let o(q) = 4*q + 5. Let y be (9/(6/2))/(3/(-4)). Determine o(y).
-11
Suppose -5*m = 5*y - 45, 2*y = 4*y - 3*m + 7. Let b be y/(-10) + (-51)/(-15). Let j(p) = 6*p**2 + 10 - 2*p**3 - p + p**3 - b*p**2 - 4*p**2. What is j(0)?
10
Let u(b) = b**3 + 4*b**2 - 2*b - 3. Let g(t) = t. Let l be g(-2). Let a = 4 + l. Let v = a + -6. Give u(v).
5
Let i(p) be the second derivative of 7*p**4/12 + p**3/6 + p**2/2 + p. Suppose -4*h = 3 + 1. Give i(h).
7
Let b(m) = -6*m + 2. Let y(q) = 7*q - 3. Let z(g) = -6*b(g) - 5*y(g). Determine z(-3).
0
Let g(f) be the second derivative of -f**5/20 + 7*f**4/12 - f**3/2 + f**2 - 16*f. Calculate g(6).
20
Let x(r) be the second derivative of -7*r**3/6 - 6*r. What is x(2)?
-14
Let k(g) = g - 1. Let s be k(-3). Let a(x) = -2*x**2 - 3*x + 3. Determine a(s).
-17
Suppose 0 = -4*n + 4*h - 16, 2*h = -2*n - 7 - 9. Let q be n/1 + -2 + 4. Let d(r) = -r**3 - 3*r**2 + 5*r. What is d(q)?
-4
Let r(h) be the first derivative of -7*h**5/120 - h**4/24 - 2*h**3/3 - 2. Let z(l) be the third derivative of r(l). What is z(1)?
-8
Suppose 40 = -4*y - 48. Let j = 17 + y. Let t(s) be the second derivative of s**3/6 + 3*s**2 + s. Calculate t(j).
1
Suppose -5*t - 3*v + 18 + 13 = 0, 5*t - 5*v = 55. Suppose 2*i = 6*i - t. Let h(k) = -i*k + 0*k + 0 - 1. Determine h(-4).
7
Let c(t) = t**2 + 8*t - 6. Let f be c(-9). Let l(z) be the first derivative of -z**2/2 + z + 1. Calculate l(f).
-2
Let k(j) = 2*j. Suppose -t + 2*q = -0*q + 11, -4*t = -5*q + 41. What is k(t)?
-18
Suppose 3*t + 3 = 9. Let w be -1 - 1 - t/(-2). Let s(i) = i - 1. Let k(f) = -1. Let m(g) = 6*k(g) - 5*s(g). Calculate m(w).
4
Let r(g) = 2*g**2 + g - 4. Let a be (-1*(-3)/5)/((-2)/10). Calculate r(a).
11
Suppose b - 2*k = 13, b + 5*k + 5 = -2*b. Let u(z) = -b + 5*z**2 + 4*z + 4*z**3 - 3*z**3 + 0*z**2. Calculate u(-4).
-5
Let x(v) = v**3 + v**2. Let j be x(1). Suppose 0 = -0*r + 2*r - j. Let p(k) = -6*k**2 - k + 1. What is p(r)?
-6
Let m be (-12)/(-15) - (-2)/10. Let c(h) = m - 2 - 3*h + 4. Suppose 0 = 4*j + 5*j + 27. What is c(j)?
12
Let m = -7 + 1. Let f(o) be the first derivative of -o**3/3 - 7*o**2/2 + o + 24. What is f(m)?
7
Suppose j = -2*j. Suppose j = a + 3*a - 8. Let b(z) = 7*z - 2*z**a + 2*z**2 + 5 + 6*z**2 + z**3. Calculate b(-5).
-5
Let y(u) be the first derivative of -u**4/4 + u**3/3 + 3*u**2/2 - 2*u + 3. Let w(m) = m + 4. Let z be w(-2). Determine y(z).
0
Let w(s) = 4*s - s**2 + 2 + 0*s - 5*s. Let d be 11/((-33)/2)*6/1. What is w(d)?
-10
Let o(r) be the third derivative of r**7/2520 - r**6/240 - r**5/30 + r**4/3 + 6*r**2. Let x(j) be the second derivative of o(j). Give x(4).
0
Let b(o) = -3*o**3 + 3*o - 1. Let w(z) = -z**2 + 0*z + z**3 - 4*z + 4*z**3 - z**3. Let c(f) = 3*b(f) + 2*w(f). What is c(-3)?
3
Let o be 2/4*(6 + 14). Let q = o - 7. Let c(p) = 2*p**3 + 8*p**2 - 5*p + 6. Let j(k) = 3*k**3 + 9*k**2 - 5*k + 7. Let n(i) = 4*c(i) - 3*j(i). Calculate n(q).
6
Let r(l) = -l**2 + 5*l - 1. Let y be r(6). Let h = y - -9. Let t(f) = -3*f**2 + f + 1. Determine t(h).
-9
Let h(m) = 5*m**3 - 12*m**2 - 7*m + 1. Let a(t) = 6*t**3 - 13*t**2 - 7*t + 2. Let y(f) = -6*a(f) + 7*h(f). Calculate y(-5).
5
Let x(t) = -t**3 - 7*t**2 - 11*t + 1. Let a be x(-5). Let q(p) = p - 8. Determine q(a).
-2
Let z(l) = -11*l**2 + 23*l + 8. Suppose 2*v + 6 = 22. Let c(n) = -7*n**2 + 15*n + 5. Let r(h) = v*c(h) - 5*z(h). Let t be (-114)/(-27) - 2/9. Calculate r(t).
4
Let l(j) = 7*j**2 - 2*j + 6. Let s(v) = -20*v**2 + 5*v - 17. Let g(h) = -17*l(h) - 6*s(h). Calculate g(-2).
-4
Let o(v) be the second derivative of -v**5/5 - v**4/6 - v**3/3 - v**2/2 + v. Suppose -i = i + 2. Give o(i).
3
Let c = 1 + -1. Let n(w) be the first derivative of c*w + 1 - w**2 - 2*w + 0. What is n(-4)?
6
Suppose 25*t - 21*t = 0. Let u(b) be the second derivative of -b + 5/2*b**2 + 1/2*b**3 + t. Determine u(-4).
-7
Suppose 2*l + 0 - 2 = 0. Let h be 2 - (-2 + 1 + l). Let t(q) = q**2 - 4*q**2 - h + 4 + q + q**3. Calculate t(3).
5
Let h(l) = -l - 4*l + 5 + 3 + 6*l. What is h(-6)?
2
Let f(v) = v. Let i = 2 + -7. Let x = i + 0. Determine f(x).
-5
Let a(o) = -o**2 + o - 1. Let u(g) = -g + 1. Let k be u(-2). Let z(h) = 4*h**2 + 3*h + 7. Let l(q) = k*a(q) + z(q). Give l(-4).
-4
Suppose 3*y - 10 = w - 3*w, -4*w = -8. Let s be (2 - y - -1)*-3. Let d(a) = 4*a + 3. Give d(s).
-9
Suppose -p - 21 = -18. Let y(m) = -m**3 - 5*m**2 - m + 4. What is y(p)?
-11
Let x(b) = b**2 - 6*b - 7. Let j be x(9). Let y be (3 + 1)*(-15)/j. Let l(w) be the third derivative of w**4/24 + w**3/3 - 2*w**2. What is l(y)?
-1
Let h(t) = -3*t + 3. Let c be h(-2). Let x(u) = u**3 - 10*u**2 + 8*u + 1. Calculate x(c).
-8
Let q = 4 + -2. Let j(a) be the third derivative of -a**4/8 + a**3/2 + 7*a**2. Give j(q).
-3
Let w = 1 + 1. Suppose c = 2*c - w. Let d(j) = -j**3 - 7 - 3*j**2 + 4*j**2 + 8*j + 3*j**c. Give d(5).
8
Let b(u) be the third derivative of -u**5/60 - u**4/12 + 5*u**3/6 - 27*u**2. Calculate b(-5).
-10
Let s(a) be the second derivative of a**5/60 - a**4/8 + a**3 + 6*a. Let r(t) be the second derivative of s(t). Determine r(-3).
-9
Let t(j) be the first derivative of -j**2/2 + 3*j + 2. Suppose -4 = -3*x - 13. Let y = 3 + x. Give t(y).
3
Let h = 14 + 49. Let m be (-52)/14 + (-18)/h. Let i(w) = -2*w + 4. Calculate i(m).
12
Let w = -11 + 22. Let b = w - 10. Let p(k) = 3*k + 1. Determine p(b).
4
Let m(f) be the second derivative of -f**3/2 + 9*f**2/2 + 2*f. Suppose -3*z - 2 = 4*q, -12 = 4*z + 5*q - 11. What is m(z)?
-9
Let h(b) = 4*b - 4. Let v be h(2). Let n be 10/(-14) + (-6)/21. Let w(c) = 2*c + 3. Let r(l) = l. Let a(t) = n*w(t) + r(t). Calculate a(v).
-7
Let b(h) = h + 1. Let k(l) = -1. Let y(s) = b(s) + k(s). Suppose 10 = 2*i - 6. Suppose -i = -0*u + 2*u. Calculate y(u).
-4
Let g(k) = 3*k - 3. Let v be g(2). Let q(u) = u**2 + 3. Determine q(v).
12
Suppose -8*h + 5 = -3*h. Let p(s) = -1 + 3*s**2 - s**3 + h + 0*s + 3*s. Calculate p(4).
-4
Let t(s) be the third derivative of s**6/120 - s**3/6 + s**2. Suppose 4*w - 4 = 60. Let o = w + -15. Determine t(o).
0
Let k(q) = q**2 - 2*q - 7. Let h = 40 - 35. Calculate k(h).
8
Let x(q) = q**2 - 3*q - 2. Let g be (-2)/(-6) - 1/3. Suppose -4*o + g*i - 3*i = 9, 15 = -5*i. Let h = o + 3. Calculate x(h).
-2
Suppose 2*z = 3*t + 6, -t - 4 + 2 = 5*z. Let k(y) = y**2 + 3*y + 3. What is k(t)?
1
Let c(p) = 5*p**3 - 2*p**2 + 11*p - 7. Let i be 15/3*(-3)/(-5). Let j(r) = -5*r**3 - r - r**2 + r**3 + i*r**3. Let d(h) = c(h) + 4*j(h). Give d(5).
3
Let y = -26 - -21. Let o(c) = c**3 + 4*c**2 - 4*c - 2. Let r be o(y). Let f(l) = l + 10. Calculate f(r).
3
Let g(w) = -w**2 - 9*w - 4. Let o be (-3)/((-15)/(-80)*2). Give g(o).
4
Let s(x) = x**2 + 5*x + 4. Suppose -3*l = 3*l + 30. Give s(l).
4
Suppose 2*g - 28 = -2*g. Suppose -2*i + g = 21. Let b(h) = -h**2 - 6*h + 6. Determine b(i).
-1
Suppose -4 = -b - 0. Let j(q) = -q - 2. Give j(b).
-6
Let h = 2 - 4. Let b(i) = -i - 2 + 0*i**2 + 1 + i**3 - 2*i**2 + 3. Determine b(h).
-12
Let o(a) = -2*a + 4. Suppose 3 = 2*d + d + 3*f, -d - 4 = 2*f. Le